{"id":6681,"date":"2026-03-23T16:27:42","date_gmt":"2026-03-23T16:27:42","guid":{"rendered":"https:\/\/wapix.website\/magnier\/?page_id=6681"},"modified":"2026-03-24T08:32:40","modified_gmt":"2026-03-24T08:32:40","slug":"contact","status":"publish","type":"page","link":"https:\/\/wapix.website\/magnier\/contact\/","title":{"rendered":"Contact"},"content":{"rendered":"\t\t<div data-elementor-type=\"wp-page\" data-elementor-id=\"6681\" class=\"elementor elementor-6681\">\n\t\t\t\t<div class=\"elementor-element elementor-element-fcd3d5b e-flex e-con-boxed sc_layouts_column_icons_position_left e-con e-parent\" data-id=\"fcd3d5b\" data-element_type=\"container\" data-e-type=\"container\" data-settings=\"{&quot;background_background&quot;:&quot;classic&quot;}\">\n\t\t\t\t\t<div class=\"e-con-inner\">\n\t\t\t\t<div data-animation-type=\"block\" class=\"elementor-element elementor-element-04e925d elementor-widget__width-inherit animation_type_block sc_fly_static elementor-invisible elementor-widget elementor-widget-heading\" data-id=\"04e925d\" data-element_type=\"widget\" data-e-type=\"widget\" data-settings=\"{&quot;_animation_delay&quot;:100,&quot;_animation&quot;:&quot;ta_fadeinup&quot;}\" data-widget_type=\"heading.default\">\n\t\t\t\t<div class=\"elementor-widget-container\">\n\t\t\t\t\t<h1 class=\"elementor-heading-title elementor-size-default\">Contact<\/h1>\t\t\t\t<\/div>\n\t\t\t\t<\/div>\n\t\t\t\t\t<\/div>\n\t\t\t\t<\/div>\n\t\t<div class=\"elementor-element elementor-element-c065d28 e-flex e-con-boxed sc_layouts_column_icons_position_left e-con e-parent\" data-id=\"c065d28\" data-element_type=\"container\" data-e-type=\"container\">\n\t\t\t\t\t<div class=\"e-con-inner\">\n\t\t<div class=\"elementor-element elementor-element-f36265a e-con-full e-flex sc_layouts_column_icons_position_left e-con e-child\" data-id=\"f36265a\" data-element_type=\"container\" data-e-type=\"container\">\n\t\t<div data-animation-type=\"block\" class=\"elementor-element elementor-element-6bae5ef e-con-full e-flex sc_layouts_column_icons_position_left animation_type_block elementor-invisible e-con e-child\" data-id=\"6bae5ef\" data-element_type=\"container\" data-e-type=\"container\" data-settings=\"{&quot;animation&quot;:&quot;ta_fadeinup&quot;}\">\n\t\t\t\t<div data-animation-type=\"block\" class=\"elementor-element elementor-element-262f8fe elementor-widget__width-initial animation_type_block sc_fly_static elementor-invisible elementor-widget elementor-widget-heading\" data-id=\"262f8fe\" data-element_type=\"widget\" data-e-type=\"widget\" data-settings=\"{&quot;_animation_delay&quot;:100,&quot;_animation&quot;:&quot;ta_fadeinup&quot;}\" data-widget_type=\"heading.default\">\n\t\t\t\t<div class=\"elementor-widget-container\">\n\t\t\t\t\t<h2 class=\"elementor-heading-title elementor-size-default\">Coordonn\u00e9es<\/h2>\t\t\t\t<\/div>\n\t\t\t\t<\/div>\n\t\t\t\t<div class=\"elementor-element elementor-element-0689d23 elementor-widget__width-initial sc_fly_static elementor-widget elementor-widget-text-editor\" data-id=\"0689d23\" data-element_type=\"widget\" data-e-type=\"widget\" data-widget_type=\"text-editor.default\">\n\t\t\t\t<div class=\"elementor-widget-container\">\n\t\t\t\t\t\t\t\t\t<p>Ce formulaire est r\u00e9serv\u00e9 aux demandes de contact simples. Pour toute demande de devis ou de pi\u00e8ces, veuillez consulter la page d\u00e9di\u00e9e : <a href=\"https:\/\/wapix.website\/magnier\/devis-reparation\/\">Devis dans notre atelier<\/a><\/p>\t\t\t\t\t\t\t\t<\/div>\n\t\t\t\t<\/div>\n\t\t\t\t<div class=\"elementor-element elementor-element-642f0c2 trx-addons-icon-list-traditional elementor-list-item-link-inline trx-addons-icon-left sc_fly_static elementor-widget elementor-widget-trx_elm_icon_list\" data-id=\"642f0c2\" data-element_type=\"widget\" data-e-type=\"widget\" data-widget_type=\"trx_elm_icon_list.default\">\n\t\t\t\t<div class=\"elementor-widget-container\">\n\t\t\t\t\t\t\t<div class=\"trx-addons-list-container\">\n\t\t\t<ul class=\"trx-addons-list-items\">\n\t\t\t\t\t\t\t\t\t\t\t\t\t\t\t\t\t\t\t\t\t<li class=\"trx-addons-icon-list-item trx-addons-icon-list-item-without-link elementor-repeater-item-2039fe8\">\n\t\t\t\t\t\t\t\t\t\t<span class=\"trx-addons-icon-wrapper\">\n\t\t\t\t\t\t\t\t\t\t<span class=\"trx-addons-icon-list-icon trx-addons-icon \">\n\t\t\t\t\t\t<svg xmlns=\"http:\/\/www.w3.org\/2000\/svg\" viewBox=\"0 0 17.11 19.63\"><path class=\"cls-1\" d=\"M8.56,11.78c-1.94,0-3.51-1.57-3.51-3.51s1.57-3.51,3.51-3.51,3.51,1.57,3.51,3.51-1.58,3.51-3.51,3.51Zm0-5.72c-1.22,0-2.21,.99-2.21,2.21s.99,2.21,2.21,2.21,2.21-.99,2.21-2.21-.99-2.21-2.21-2.21Z\"><\/path><path class=\"cls-1\" d=\"M8.56,19.63c-1.35,0-2.7-.51-3.76-1.52C2.1,15.52-.88,11.39,.24,6.46H.24C1.26,2,5.15,0,8.55,0h0c3.41,0,7.3,2,8.31,6.46,1.12,4.93-1.87,9.06-4.57,11.65-1.05,1.01-2.4,1.52-3.75,1.52ZM1.51,6.74c-.98,4.34,1.74,8.07,4.19,10.43,1.6,1.54,4.11,1.54,5.71,0,2.46-2.36,5.18-6.08,4.2-10.43-.91-4.02-4.37-5.45-7.05-5.45h0C5.87,1.3,2.42,2.73,1.51,6.74h0Z\"><\/path><\/svg><\/span>\t\t\t<\/span>\n\t\t\t\t\t\t\t\t\t\t<p class=\"trx-addons-icon-list-text\">\n\t\t\t\t\t\t\t\tRue de la Buissi\u00e8re 38, 7600 P\u00e9ruwelz\t\t\t\t\t\t\t<\/p>\n\t\t\t\t\t\t\t\t\t\t\t\t\t<\/li>\n\t\t\t\t\t\t\t\t\t\t\t\t\t<\/ul>\n\t\t<\/div>\n\t\t\t\t\t\t<\/div>\n\t\t\t\t<\/div>\n\t\t\t\t<div class=\"elementor-element elementor-element-8849ffd trx-addons-icon-list-traditional elementor-list-item-link-inline trx-addons-icon-left sc_fly_static elementor-widget elementor-widget-trx_elm_icon_list\" data-id=\"8849ffd\" data-element_type=\"widget\" data-e-type=\"widget\" data-widget_type=\"trx_elm_icon_list.default\">\n\t\t\t\t<div class=\"elementor-widget-container\">\n\t\t\t\t\t\t\t<div class=\"trx-addons-list-container\">\n\t\t\t<ul class=\"trx-addons-list-items\">\n\t\t\t\t\t\t\t\t\t\t\t\t\t\t\t\t\t\t\t\t\t<li class=\"trx-addons-icon-list-item trx-addons-icon-list-item-with-link elementor-repeater-item-2039fe8\">\n\t\t\t\t\t\t\t\t\t\t\t\t\t\t\t<a href=\"tel:+32%2069%2077%2021%2011\">\n\t\t\t\t\t\t\t\t\t\t\t<span class=\"trx-addons-icon-wrapper\">\n\t\t\t\t\t\t\t\t\t\t<span class=\"trx-addons-icon-list-icon trx-addons-icon \">\n\t\t\t\t\t\t<svg xmlns=\"http:\/\/www.w3.org\/2000\/svg\" viewBox=\"0 0 15.3 20.3\"><path d=\"M10.27,20.3H5.02c-3.85,0-5.02-1.26-5.02-5.4V5.4C0,1.26,1.17,0,5.02,0h5.25c3.85,0,5.03,1.26,5.03,5.4V14.9c0,4.14-1.17,5.4-5.03,5.4ZM5.02,1.3C1.89,1.3,1.3,1.95,1.3,5.4V14.9c0,3.45,.59,4.1,3.73,4.1h5.25c3.13,0,3.72-.65,3.72-4.1V5.4c0-3.45-.59-4.1-3.72-4.1H5.02Z\"><\/path><path d=\"M9.4,4.62h-3.5c-.36,0-.65-.29-.65-.65s.29-.65,.65-.65h3.5c.36,0,.65,.29,.65,.65s-.29,.65-.65,.65Z\"><\/path><path d=\"M7.65,17.55c-1.11,0-2.01-.95-2.01-2.12s.9-2.12,2.01-2.12,2.01,.95,2.01,2.12-.9,2.12-2.01,2.12Zm0-2.95c-.39,0-.71,.37-.71,.82s.32,.82,.71,.82,.71-.37,.71-.82-.32-.82-.71-.82Z\"><\/path><\/svg><\/span>\t\t\t<\/span>\n\t\t\t\t\t\t\t\t\t\t<h6 class=\"trx-addons-icon-list-text\">\n\t\t\t\t\t\t\t\t069 77 21 11\t\t\t\t\t\t\t<\/h6>\n\t\t\t\t\t\t\t\t\t\t\t\t\t\t\t<\/a>\n\t\t\t\t\t\t\t\t\t\t\t\t\t\t<\/li>\n\t\t\t\t\t\t\t\t\t\t\t\t\t<\/ul>\n\t\t<\/div>\n\t\t\t\t\t\t<\/div>\n\t\t\t\t<\/div>\n\t\t\t\t<div class=\"elementor-element elementor-element-dc00546 trx-addons-icon-list-traditional elementor-list-item-link-inline trx-addons-icon-left sc_fly_static elementor-widget elementor-widget-trx_elm_icon_list\" data-id=\"dc00546\" data-element_type=\"widget\" data-e-type=\"widget\" data-widget_type=\"trx_elm_icon_list.default\">\n\t\t\t\t<div class=\"elementor-widget-container\">\n\t\t\t\t\t\t\t<div class=\"trx-addons-list-container\">\n\t\t\t<ul class=\"trx-addons-list-items\">\n\t\t\t\t\t\t\t\t\t\t\t\t\t\t\t\t\t\t\t\t\t<li class=\"trx-addons-icon-list-item trx-addons-icon-list-item-with-link elementor-repeater-item-2039fe8\">\n\t\t\t\t\t\t\t\t\t\t\t\t\t\t\t<a href=\"mailto:contact@magnier.be\">\n\t\t\t\t\t\t\t\t\t\t\t<span class=\"trx-addons-icon-wrapper\">\n\t\t\t\t\t\t\t\t\t\t<span class=\"trx-addons-icon-list-icon trx-addons-icon \">\n\t\t\t\t\t\t<svg xmlns=\"http:\/\/www.w3.org\/2000\/svg\" viewBox=\"0 0 19.63 16.88\"><path d=\"M14.4,16.88H5.23c-3.33,0-5.23-1.91-5.23-5.23V5.23C0,1.91,1.91,0,5.23,0H14.4c3.33,0,5.23,1.91,5.23,5.23v6.42c0,3.33-1.91,5.23-5.23,5.23ZM5.23,1.3c-2.61,0-3.93,1.32-3.93,3.93v6.42c0,2.61,1.32,3.93,3.93,3.93H14.4c2.61,0,3.93-1.32,3.93-3.93V5.23c0-2.61-1.32-3.93-3.93-3.93H5.23Z\"><\/path><path d=\"M9.81,9.2c-.76,0-1.53-.24-2.12-.71l-2.86-2.29c-.28-.22-.33-.63-.1-.91,.22-.28,.63-.33,.91-.1l2.86,2.29c.71,.57,1.91,.57,2.63,0l2.87-2.29c.28-.22,.69-.18,.91,.1s.18,.69-.1,.91l-2.87,2.29c-.6,.47-1.36,.71-2.12,.71Z\"><\/path><\/svg><\/span>\t\t\t<\/span>\n\t\t\t\t\t\t\t\t\t\t<p class=\"trx-addons-icon-list-text\">\n\t\t\t\t\t\t\t\tcontact@magnier.be\t\t\t\t\t\t\t<\/p>\n\t\t\t\t\t\t\t\t\t\t\t\t\t\t\t<\/a>\n\t\t\t\t\t\t\t\t\t\t\t\t\t\t<\/li>\n\t\t\t\t\t\t\t\t\t\t\t\t\t<\/ul>\n\t\t<\/div>\n\t\t\t\t\t\t<\/div>\n\t\t\t\t<\/div>\n\t\t\t\t<div class=\"elementor-element elementor-element-dd2b2f9 trx-addons-icon-list-traditional elementor-list-item-link-inline trx-addons-icon-left sc_fly_static elementor-widget elementor-widget-trx_elm_icon_list\" data-id=\"dd2b2f9\" data-element_type=\"widget\" data-e-type=\"widget\" data-widget_type=\"trx_elm_icon_list.default\">\n\t\t\t\t<div class=\"elementor-widget-container\">\n\t\t\t\t\t\t\t<div class=\"trx-addons-list-container\">\n\t\t\t<ul class=\"trx-addons-list-items\">\n\t\t\t\t\t\t\t\t\t\t\t\t\t\t\t\t\t\t\t\t\t<li class=\"trx-addons-icon-list-item trx-addons-icon-list-item-without-link elementor-repeater-item-2039fe8\">\n\t\t\t\t\t\t\t\t\t\t<span class=\"trx-addons-icon-wrapper\">\n\t\t\t\t\t\t\t\t\t\t<span class=\"trx-addons-icon-list-icon trx-addons-icon \">\n\t\t\t\t\t\t<svg aria-hidden=\"true\" class=\"e-font-icon-svg e-fas-external-link-alt\" viewBox=\"0 0 512 512\" xmlns=\"http:\/\/www.w3.org\/2000\/svg\"><path d=\"M432,320H400a16,16,0,0,0-16,16V448H64V128H208a16,16,0,0,0,16-16V80a16,16,0,0,0-16-16H48A48,48,0,0,0,0,112V464a48,48,0,0,0,48,48H400a48,48,0,0,0,48-48V336A16,16,0,0,0,432,320ZM488,0h-128c-21.37,0-32.05,25.91-17,41l35.73,35.73L135,320.37a24,24,0,0,0,0,34L157.67,377a24,24,0,0,0,34,0L435.28,133.32,471,169c15,15,41,4.5,41-17V24A24,24,0,0,0,488,0Z\"><\/path><\/svg><\/span>\t\t\t<\/span>\n\t\t\t\t\t\t\t\t\t\t<p class=\"trx-addons-icon-list-text\">\n\t\t\t\t\t\t\t\tBE0459.532.253\t\t\t\t\t\t\t<\/p>\n\t\t\t\t\t\t\t\t\t\t\t\t\t<\/li>\n\t\t\t\t\t\t\t\t\t\t\t\t\t<\/ul>\n\t\t<\/div>\n\t\t\t\t\t\t<\/div>\n\t\t\t\t<\/div>\n\t\t\t\t<\/div>\n\t\t<div data-animation-type=\"block\" class=\"elementor-element elementor-element-9a99639 e-con-full e-flex sc_layouts_column_icons_position_left animation_type_block elementor-invisible e-con e-child\" data-id=\"9a99639\" data-element_type=\"container\" data-e-type=\"container\" data-settings=\"{&quot;animation&quot;:&quot;ta_fadeinup&quot;,&quot;animation_delay&quot;:100}\">\n\t\t\t\t<div class=\"elementor-element elementor-element-13773e9 sc_fly_static elementor-widget elementor-widget-shortcode\" data-id=\"13773e9\" data-element_type=\"widget\" data-e-type=\"widget\" data-widget_type=\"shortcode.default\">\n\t\t\t\t<div class=\"elementor-widget-container\">\n\t\t\t\t\t\t\t<div class=\"elementor-shortcode\"><div class=\"forminator-ui forminator-custom-form forminator-custom-form-6425 forminator-design--default  forminator_ajax\" data-forminator-render=\"0\" data-form=\"forminator-module-6425\" data-uid=\"6a0321f65fe95\"><br\/><\/div><form\n\t\t\t\tid=\"forminator-module-6425\"\n\t\t\t\tclass=\"forminator-ui forminator-custom-form forminator-custom-form-6425 forminator-design--default  forminator_ajax\"\n\t\t\t\tmethod=\"post\"\n\t\t\t\tdata-forminator-render=\"0\"\n\t\t\t\tdata-form-id=\"6425\"\n\t\t\t\t data-color-option=\"theme\" data-design=\"default\" data-grid=\"open\" style=\"display: none;\"\n\t\t\t\tdata-uid=\"6a0321f65fe95\"\n\t\t\t><div role=\"alert\" aria-live=\"polite\" class=\"forminator-response-message forminator-error\" aria-hidden=\"true\"><\/div><div class=\"forminator-row\"><div id=\"name-1\" class=\"forminator-field-name forminator-col forminator-col-12 \"><div class=\"forminator-field\"><input type=\"text\" name=\"name-1\" value=\"\" placeholder=\"Nom &amp; pr\u00e9nom\" id=\"forminator-field-name-1_6a0321f65fe95\" class=\"forminator-input forminator-name--field\" aria-required=\"true\" autocomplete=\"name\" \/><\/div><\/div><\/div><div class=\"forminator-row\"><div id=\"phone-1\" class=\"forminator-field-phone forminator-col forminator-col-12 \"><div class=\"forminator-field\"><input type=\"text\" name=\"phone-1\" value=\"\" placeholder=\"T\u00e9l\u00e9phone\" id=\"forminator-field-phone-1_6a0321f65fe95\" class=\"forminator-input forminator-field--phone\" data-required=\"1\" aria-required=\"true\" autocomplete=\"off\" \/><\/div><\/div><\/div><div class=\"forminator-row\"><div id=\"email-1\" class=\"forminator-field-email forminator-col forminator-col-12 \"><div class=\"forminator-field\"><input type=\"email\" name=\"email-1\" value=\"\" placeholder=\"Adresse e-mail\" id=\"forminator-field-email-1_6a0321f65fe95\" class=\"forminator-input forminator-email--field\" data-required=\"true\" aria-required=\"true\" autocomplete=\"email\" \/><\/div><\/div><\/div><div class=\"forminator-row\"><div id=\"textarea-1\" class=\"forminator-field-textarea forminator-col forminator-col-12 \"><div class=\"forminator-field\"><span id=\"forminator-field-textarea-1_6a0321f65fe95-description\" class=\"forminator-description\"><span data-limit=\"180\" data-type=\"characters\" data-editor=\"\">0 \/ 180<\/span><\/span><textarea name=\"textarea-1\" placeholder=\"Votre demande\" id=\"forminator-field-textarea-1_6a0321f65fe95\" class=\"forminator-textarea\" rows=\"6\" style=\"--forminator-textarea-min-height:140px;\" maxlength=\"180\" ><\/textarea><\/div><\/div><\/div><div class=\"forminator-row\" style=\"margin: 0;\"><div id=\"captcha-1\" class=\"forminator-field-captcha  forminator-col-12 \"><div class=\"forminator-captcha-left forminator-g-recaptcha recaptcha-invisible\" data-theme=\"light\" data-badge=\"bottomright\" data-sitekey=\"6LfQ6ZUsAAAAALs6vJ0Ed0b8D6JVlqzhzioe1RVD\" data-size=\"invisible\"><\/div> <\/div><\/div><input type=\"hidden\" name=\"referer_url\" value=\"\" \/><div class=\"forminator-row forminator-row-last\"><div class=\"forminator-col\"><div class=\"forminator-field\"><button class=\"forminator-button forminator-button-submit\">ENVOYER<\/button><\/div><\/div><\/div><input type=\"hidden\" id=\"forminator_nonce\" name=\"forminator_nonce\" value=\"02ec4f85a9\" \/><input type=\"hidden\" name=\"_wp_http_referer\" value=\"\/magnier\/wp-json\/wp\/v2\/pages\/6681\" \/><input type=\"hidden\" name=\"form_id\" value=\"6425\"><input type=\"hidden\" name=\"page_id\" value=\"6681\"><input type=\"hidden\" name=\"form_type\" value=\"default\"><input type=\"hidden\" name=\"current_url\" value=\"https:\/\/wapix.website\/magnier\/contact\/\"><input type=\"hidden\" name=\"render_id\" value=\"0\"><input type=\"hidden\" name=\"action\" value=\"forminator_submit_form_custom-forms\"><label for=\"input_5\" class=\"forminator-hidden\" aria-hidden=\"true\">Veuillez ne pas remplir ce champ. <input id=\"input_5\" type=\"text\" name=\"input_5\" value=\"\" autocomplete=\"off\"><\/label><\/form><\/div>\n\t\t\t\t\t\t<\/div>\n\t\t\t\t<\/div>\n\t\t\t\t<\/div>\n\t\t\t\t<\/div>\n\t\t\t\t\t<\/div>\n\t\t\t\t<\/div>\n\t\t<div class=\"elementor-element elementor-element-9826e72 e-con-full e-flex sc_layouts_column_icons_position_left e-con e-parent\" data-id=\"9826e72\" data-element_type=\"container\" data-e-type=\"container\">\n\t\t\t\t<div class=\"elementor-element elementor-element-53d1bdb sc_fly_static elementor-widget elementor-widget-google_maps\" data-id=\"53d1bdb\" data-element_type=\"widget\" data-e-type=\"widget\" data-widget_type=\"google_maps.default\">\n\t\t\t\t<div class=\"elementor-widget-container\">\n\t\t\t\t\t\t\t<div class=\"elementor-custom-embed\">\n\t\t\t<iframe loading=\"lazy\"\n\t\t\t\t\tsrc=\"https:\/\/maps.google.com\/maps?q=Auto%20Technic%20Magnier&#038;t=m&#038;z=10&#038;output=embed&#038;iwloc=near\"\n\t\t\t\t\ttitle=\"Auto Technic Magnier\"\n\t\t\t\t\taria-label=\"Auto Technic Magnier\"\n\t\t\t><\/iframe>\n\t\t<\/div>\n\t\t\t\t\t\t<\/div>\n\t\t\t\t<\/div>\n\t\t\t\t<\/div>\n\t\t\t\t<\/div>\n\t\t","protected":false},"excerpt":{"rendered":"<p>Contact Coordonn\u00e9es Ce formulaire est r\u00e9serv\u00e9 aux demandes de contact simples. Pour toute&hellip;<\/p>\n","protected":false},"author":2,"featured_media":0,"parent":0,"menu_order":0,"comment_status":"closed","ping_status":"closed","template":"","meta":{"footnotes":""},"class_list":["post-6681","page","type-page","status-publish","hentry"],"yoast_head":"<!-- This site is optimized with the Yoast SEO plugin v27.2 - https:\/\/yoast.com\/product\/yoast-seo-wordpress\/ -->\n<title>Contactez-nous \u2013 Auto Technic Magnier | Rue de la Buissi\u00e8re, P\u00e9ruwelz<\/title>\n<meta name=\"description\" content=\"Contactez Auto Technic Magnier \u00e0 P\u00e9ruwelz : 069 77 21 11 \u2013 contact@magnier.be. Ouvert du lundi au vendredi. Acc\u00e8s facile depuis Tournai, Ath et la fronti\u00e8re fran\u00e7aise.\" \/>\n<meta name=\"robots\" content=\"noindex, follow, max-snippet:-1, max-image-preview:large, max-video-preview:-1\" \/>\n<meta property=\"og:locale\" content=\"fr_FR\" \/>\n<meta property=\"og:type\" content=\"article\" \/>\n<meta property=\"og:title\" content=\"Contactez-nous \u2013 Auto Technic Magnier | Rue de la Buissi\u00e8re, P\u00e9ruwelz\" \/>\n<meta property=\"og:description\" content=\"Contactez Auto Technic Magnier \u00e0 P\u00e9ruwelz : 069 77 21 11 \u2013 contact@magnier.be. Ouvert du lundi au vendredi. Acc\u00e8s facile depuis Tournai, Ath et la fronti\u00e8re fran\u00e7aise.\" \/>\n<meta property=\"og:url\" content=\"https:\/\/wapix.website\/magnier\/contact\/\" \/>\n<meta property=\"og:site_name\" content=\"Auto Technic Magnier\" \/>\n<meta property=\"article:modified_time\" content=\"2026-03-24T08:32:40+00:00\" \/>\n<meta name=\"twitter:card\" content=\"summary_large_image\" \/>\n<meta name=\"twitter:label1\" content=\"Dur\u00e9e de lecture estim\u00e9e\" \/>\n\t<meta name=\"twitter:data1\" content=\"1 minute\" \/>\n<script type=\"application\/ld+json\" class=\"yoast-schema-graph\">{\"@context\":\"https:\/\/schema.org\",\"@graph\":[{\"@type\":\"WebPage\",\"@id\":\"https:\/\/wapix.website\/magnier\/contact\/\",\"url\":\"https:\/\/wapix.website\/magnier\/contact\/\",\"name\":\"Contactez-nous \u2013 Auto Technic Magnier | Rue de la Buissi\u00e8re, P\u00e9ruwelz\",\"isPartOf\":{\"@id\":\"https:\/\/wapix.website\/magnier\/#website\"},\"datePublished\":\"2026-03-23T16:27:42+00:00\",\"dateModified\":\"2026-03-24T08:32:40+00:00\",\"description\":\"Contactez Auto Technic Magnier \u00e0 P\u00e9ruwelz : 069 77 21 11 \u2013 contact@magnier.be. Ouvert du lundi au vendredi. Acc\u00e8s facile depuis Tournai, Ath et la fronti\u00e8re fran\u00e7aise.\",\"breadcrumb\":{\"@id\":\"https:\/\/wapix.website\/magnier\/contact\/#breadcrumb\"},\"inLanguage\":\"fr-FR\",\"potentialAction\":[{\"@type\":\"ReadAction\",\"target\":[\"https:\/\/wapix.website\/magnier\/contact\/\"]}]},{\"@type\":\"BreadcrumbList\",\"@id\":\"https:\/\/wapix.website\/magnier\/contact\/#breadcrumb\",\"itemListElement\":[{\"@type\":\"ListItem\",\"position\":1,\"name\":\"Accueil\",\"item\":\"https:\/\/wapix.website\/magnier\/\"},{\"@type\":\"ListItem\",\"position\":2,\"name\":\"Contact\"}]},{\"@type\":\"WebSite\",\"@id\":\"https:\/\/wapix.website\/magnier\/#website\",\"url\":\"https:\/\/wapix.website\/magnier\/\",\"name\":\"Garage Magnier\",\"description\":\"Distributeur ind\u00e9pendant Mercedes\",\"publisher\":{\"@id\":\"https:\/\/wapix.website\/magnier\/#organization\"},\"potentialAction\":[{\"@type\":\"SearchAction\",\"target\":{\"@type\":\"EntryPoint\",\"urlTemplate\":\"https:\/\/wapix.website\/magnier\/?s={search_term_string}\"},\"query-input\":{\"@type\":\"PropertyValueSpecification\",\"valueRequired\":true,\"valueName\":\"search_term_string\"}}],\"inLanguage\":\"fr-FR\"},{\"@type\":\"Organization\",\"@id\":\"https:\/\/wapix.website\/magnier\/#organization\",\"name\":\"Garage Magnier\",\"url\":\"https:\/\/wapix.website\/magnier\/\",\"logo\":{\"@type\":\"ImageObject\",\"inLanguage\":\"fr-FR\",\"@id\":\"https:\/\/wapix.website\/magnier\/#\/schema\/logo\/image\/\",\"url\":\"https:\/\/wapix.website\/magnier\/wp-content\/uploads\/2026\/03\/Logo-H_01.png\",\"contentUrl\":\"https:\/\/wapix.website\/magnier\/wp-content\/uploads\/2026\/03\/Logo-H_01.png\",\"width\":231,\"height\":65,\"caption\":\"Garage Magnier\"},\"image\":{\"@id\":\"https:\/\/wapix.website\/magnier\/#\/schema\/logo\/image\/\"}}]}<\/script>\n<!-- \/ Yoast SEO plugin. -->","yoast_head_json":{"title":"Contactez-nous \u2013 Auto Technic Magnier | Rue de la Buissi\u00e8re, P\u00e9ruwelz","description":"Contactez Auto Technic Magnier \u00e0 P\u00e9ruwelz : 069 77 21 11 \u2013 contact@magnier.be. Ouvert du lundi au vendredi. Acc\u00e8s facile depuis Tournai, Ath et la fronti\u00e8re fran\u00e7aise.","robots":{"index":"noindex","follow":"follow","max-snippet":"max-snippet:-1","max-image-preview":"max-image-preview:large","max-video-preview":"max-video-preview:-1"},"og_locale":"fr_FR","og_type":"article","og_title":"Contactez-nous \u2013 Auto Technic Magnier | Rue de la Buissi\u00e8re, P\u00e9ruwelz","og_description":"Contactez Auto Technic Magnier \u00e0 P\u00e9ruwelz : 069 77 21 11 \u2013 contact@magnier.be. Ouvert du lundi au vendredi. Acc\u00e8s facile depuis Tournai, Ath et la fronti\u00e8re fran\u00e7aise.","og_url":"https:\/\/wapix.website\/magnier\/contact\/","og_site_name":"Auto Technic Magnier","article_modified_time":"2026-03-24T08:32:40+00:00","twitter_card":"summary_large_image","twitter_misc":{"Dur\u00e9e de lecture estim\u00e9e":"1 minute"},"schema":{"@context":"https:\/\/schema.org","@graph":[{"@type":"WebPage","@id":"https:\/\/wapix.website\/magnier\/contact\/","url":"https:\/\/wapix.website\/magnier\/contact\/","name":"Contactez-nous \u2013 Auto Technic Magnier | Rue de la Buissi\u00e8re, P\u00e9ruwelz","isPartOf":{"@id":"https:\/\/wapix.website\/magnier\/#website"},"datePublished":"2026-03-23T16:27:42+00:00","dateModified":"2026-03-24T08:32:40+00:00","description":"Contactez Auto Technic Magnier \u00e0 P\u00e9ruwelz : 069 77 21 11 \u2013 contact@magnier.be. Ouvert du lundi au vendredi. Acc\u00e8s facile depuis Tournai, Ath et la fronti\u00e8re fran\u00e7aise.","breadcrumb":{"@id":"https:\/\/wapix.website\/magnier\/contact\/#breadcrumb"},"inLanguage":"fr-FR","potentialAction":[{"@type":"ReadAction","target":["https:\/\/wapix.website\/magnier\/contact\/"]}]},{"@type":"BreadcrumbList","@id":"https:\/\/wapix.website\/magnier\/contact\/#breadcrumb","itemListElement":[{"@type":"ListItem","position":1,"name":"Accueil","item":"https:\/\/wapix.website\/magnier\/"},{"@type":"ListItem","position":2,"name":"Contact"}]},{"@type":"WebSite","@id":"https:\/\/wapix.website\/magnier\/#website","url":"https:\/\/wapix.website\/magnier\/","name":"Garage Magnier","description":"Distributeur ind\u00e9pendant Mercedes","publisher":{"@id":"https:\/\/wapix.website\/magnier\/#organization"},"potentialAction":[{"@type":"SearchAction","target":{"@type":"EntryPoint","urlTemplate":"https:\/\/wapix.website\/magnier\/?s={search_term_string}"},"query-input":{"@type":"PropertyValueSpecification","valueRequired":true,"valueName":"search_term_string"}}],"inLanguage":"fr-FR"},{"@type":"Organization","@id":"https:\/\/wapix.website\/magnier\/#organization","name":"Garage Magnier","url":"https:\/\/wapix.website\/magnier\/","logo":{"@type":"ImageObject","inLanguage":"fr-FR","@id":"https:\/\/wapix.website\/magnier\/#\/schema\/logo\/image\/","url":"https:\/\/wapix.website\/magnier\/wp-content\/uploads\/2026\/03\/Logo-H_01.png","contentUrl":"https:\/\/wapix.website\/magnier\/wp-content\/uploads\/2026\/03\/Logo-H_01.png","width":231,"height":65,"caption":"Garage Magnier"},"image":{"@id":"https:\/\/wapix.website\/magnier\/#\/schema\/logo\/image\/"}}]}},"_hostinger_reach_plugin_has_subscription_block":false,"_hostinger_reach_plugin_is_elementor":false,"_links":{"self":[{"href":"https:\/\/wapix.website\/magnier\/wp-json\/wp\/v2\/pages\/6681","targetHints":{"allow":["GET"]}}],"collection":[{"href":"https:\/\/wapix.website\/magnier\/wp-json\/wp\/v2\/pages"}],"about":[{"href":"https:\/\/wapix.website\/magnier\/wp-json\/wp\/v2\/types\/page"}],"author":[{"embeddable":true,"href":"https:\/\/wapix.website\/magnier\/wp-json\/wp\/v2\/users\/2"}],"replies":[{"embeddable":true,"href":"https:\/\/wapix.website\/magnier\/wp-json\/wp\/v2\/comments?post=6681"}],"version-history":[{"count":22,"href":"https:\/\/wapix.website\/magnier\/wp-json\/wp\/v2\/pages\/6681\/revisions"}],"predecessor-version":[{"id":6830,"href":"https:\/\/wapix.website\/magnier\/wp-json\/wp\/v2\/pages\/6681\/revisions\/6830"}],"wp:attachment":[{"href":"https:\/\/wapix.website\/magnier\/wp-json\/wp\/v2\/media?parent=6681"}],"curies":[{"name":"wp","href":"https:\/\/api.w.org\/{rel}","templated":true}]}}